2 - 97*r. Suppose 4*v + 4*d - 24 = 0, v - 12 = -0*v - 3*d. List the prime factors of t(v).
53
Let n(z) = 3*z**2 + 55*z + 19. Let m be (-114)/(-4)*68/(-102). What are the prime factors of n(m)?
3, 19
Let s = 159 + -44. Suppose 3*q = -2*q + s. Suppose -2*r + 13 = -q. What are the prime factors of r?
2, 3
Suppose 87276 = 46*a - 32*a. List the prime factors of a.
2, 3, 1039
Suppose -261*s + 267*s = 2340. Let m = -467 + 667. Let b = s - m. List the prime factors of b.
2, 5, 19
Suppose 10*x + 764950 = 16*x + 19*x. What are the prime factors of x?
2, 15299
Suppose 0 = 231*d - 215*d - 880592. What are the prime factors of d?
47, 1171
Suppose 3*g = 8*j - 10*j - 30, 4*g - j = -40. What are the prime factors of g/(-4)*3072/30?
2
Let x = 427 - 846. Let k = -180 - x. List the prime factors of k.
239
Let k be (-15839)/(-4) + (-18)/(-72). Suppose -12*t + 2*t = -k. List the prime factors of t.
2, 3, 11
Let t(z) = z**3 + 21*z**2 + 18*z - 39. Let o be t(-20). Suppose -o = i - 3, -5*i = 2*m - 1140. What are the prime factors of m?
5, 113
Suppose v - 237 = -338. Let q = v - -365. List the prime factors of 4/38 - q/(-19).
2, 7
Let d(w) = 3*w**2 - 1156*w - 63. What are the prime factors of d(-48)?
3, 11, 1889
Let k = 17 + -14. Let d be (-24)/16*(1 + (-5)/k). List the prime factors of 52 + (3/(-9))/(d/(-3)).
53
Suppose 4*a = -5*q + 53920 - 11433, -2*a + 5*q = -21251. List the prime factors of a.
3, 3541
Let r = 33296 + -23453. What are the prime factors of r?
3, 17, 193
Let w(n) be the third derivative of -47*n**6/60 - n**5/30 + n**4/3 + n**3/2 - 36*n**2 - n. List the prime factors of w(-2).
17, 43
Suppose -30*k = -11*k + 817. Let y = k - -538. What are the prime factors of y?
3, 5, 11
Let d = 1988 + 4426. List the prime factors of d.
2, 3, 1069
Let c(d) = 67*d**2 + d - 1. Let r(a) be the first derivative of 5*a**2/2 + 6*a + 11. Let w be r(-1). What are the prime factors of c(w)?
67
Suppose -2*m - 1741 = x, -12*x - m + 7000 = -16*x. Let u = -1199 - x. List the prime factors of u.
2, 5, 11
Let m = 5370 + 1941. What are the prime factors of m?
3, 2437
Let t(x) = 2*x**3 - 2*x**2 - 2*x + 2. Let o be t(2). Let y(c) = 15*c + 5. Let a be y(o). Suppose -4*u = -a - 117. List the prime factors of u.
53
Let l = -1595 + 261. Let k = l - -2329. What are the prime factors of k?
5, 199
What are the prime factors of (207/6)/((-684)/(-1450536))?
23, 3181
Suppose -24*r + 60 = -20*r. Suppose -g + r = -2*q, 5*q + 12 + 33 = 5*g. Let d(a) = -a - 2. List the prime factors of d(q).
2
Let l be (0 + -1)*(-5 + (8 - 0)). Let h(v) = v**3 + 3*v**2 - v + 2. Let z be h(l). Suppose 12 - 137 = -z*j. List the prime factors of j.
5
Let h = 161 - -83. Suppose -2*a = -10 - 6. Suppose 5*d + 4*v = 584 + h, 4*v = a. What are the prime factors of d?
2, 41
Let o(i) = 165*i - 457. List the prime factors of o(31).
2, 17, 137
Let s = -4750 + 20651. List the prime factors of s.
15901
Suppose 4*i - 108 = 4*s, 6*i - 2*i = -3*s + 87. Suppose 3*z = -n + i, 5 = -n + 2*z + 49. What are the prime factors of n?
2, 3
Let d(m) = -4*m - 24. Let v be d(-10). Let u(w) = 5*w - 17. Let x be u(v). Suppose -15 = 3*n - x. List the prime factors of n.
2
Suppose -4*i - 5*w = -3*i - 2054, 3*w = 18. List the prime factors of i.
2, 11, 23
Suppose -254*s = -4525805 - 2831051. What are the prime factors of s?
2, 13, 557
Suppose 3*s - 88 - 53 = 4*i, 4*s + 2*i - 166 = 0. Suppose -329 - s = -3*a + 2*x, 0 = -5*a - 3*x + 620. Suppose -a + 26 = -z. What are the prime factors of z?
2, 7
Let l be (6/(-2))/(15/(-65)). Suppose 0 = -4*f + 7*f - 5*u + l, -18 = -2*f - 2*u. Suppose f*g - 645 = -181. List the prime factors of g.
2, 29
Suppose -w = 4*u - 34491, 11803 - 3177 = u - 3*w. List the prime factors of u.
8623
Let q = 111 + 615. What are the prime factors of q?
2, 3, 11
Suppose -2*v - 28 = -2*i, -i - 2*v + 6 = 4. Suppose -i*f + 25970 = 25*f. What are the prime factors of f?
2, 7, 53
Let z be (35/(-3) - -4)/((-2)/(-66)). Let k = 474 + z. What are the prime factors of k?
13, 17
Let h(p) = -3*p**3 - 6*p**2 + p + 2. Let l be h(2). Let k = l + 242. List the prime factors of k.
2, 3, 11
Suppose -13*m + 17*m - 8 = 0. Suppose -5*h + 526 = i, 3*i - 412 = -6*h + m*h. Let z = h - 29. What are the prime factors of z?
7, 11
Let q = 402 - 29. Suppose 0 = 2*u + 2*y - q - 389, -3 = 3*y. What are the prime factors of u?
2, 191
Let n(x) = 156*x**2 + x + 2. Let t(b) be the second derivative of b**5/20 + b**4/6 - b**3/6 - b**2/2 - 13*b. Let a be t(0). List the prime factors of n(a).
157
What are the prime factors of (-1142)/9*(3 - -9)*(-19965)/2420?
2, 11, 571
Let k be 14/(-14)*1*-1. Let b be ((-3)/2)/(k/(-56)). List the prime factors of (-4)/(1 - ((-87)/b)/(-1)).
2, 7
Suppose -4*y + b = -144, -2*y + b + 58 = -3*b. Let w = y - 25. Suppose p + w = 53. What are the prime factors of p?
41
Let f(d) = 394*d**3 + 4*d**2 + 5*d + 19. What are the prime factors of f(6)?
85297
Let n(x) = 28*x**2 - 117*x - 1291. What are the prime factors of n(41)?
2, 3, 5, 683
Let x(b) = 2*b**2 - b**2 + 26746*b - 26748*b - 15. What are the prime factors of x(7)?
2, 5
Let a = 298 - 291. What are the prime factors of (-2 - a/(-2))*16326/27?
907
Suppose -32*d = -31*d - 8. Suppose d = -q + 5*q. List the prime factors of 25/q*(-5 - -7).
5
Let r(x) = -19*x**3 + 2*x**2 - 62*x - 105. List the prime factors of r(-6).
3, 1481
Suppose 0 = 3*o - q - 989, -q + 997 = 3*o - 0*q. Let a be 6/((-21)/(-6) + -2). Suppose f - o = -a*i, 4*f = -4*i - 0*f + 316. List the prime factors of i.
2, 3, 7
Suppose 259863 - 1445103 = -62*c - 106*c. What are the prime factors of c?
5, 17, 83
Let m = 24842 - -1062. What are the prime factors of m?
2, 1619
Suppose 5*d - 5*w - 17427 = -1907, -3*w = 5*d - 15560. List the prime factors of d.
3109
Suppose 5*n = 14*n - 126. Let l(c) = -c**3 + 16*c**2 + 16*c + 51. List the prime factors of l(n).
23, 29
Suppose -g - 7919 + 28759 = 0. Suppose 23*x = 3*x + g. What are the prime factors of x?
2, 521
Let q(k) be the third derivative of k**5/60 + k**4/12 - 7*k**3/2 - 3*k**2 + 8*k + 1. Let p be 2/5 - 174/10. List the prime factors of q(p).
2, 3, 13
Suppose 5*i + 10*i = 2*i + 83564. List the prime factors of i.
2, 1607
Suppose -z - 3*d - 1569 = 0, 0*z + 4*d = z + 1576. List the prime factors of (4/12)/((-2)/z).
2, 131
Let a(d) = -204*d - 41. Let h be a(-11). Let r = h + -1006. What are the prime factors of r?
3, 7, 19
Let j be (10*(-6)/12)/((-2)/98). Let k be (-1050)/j*((1 - 1) + 7). Let a = 62 - k. What are the prime factors of a?
2, 23
Suppose 2*p + 0*p = 0, 0 = -3*t - 3*p. Suppose 2*k - 125 - 77 = t. Suppose 3*j - 5*j + 52 = -4*h, 4*j - k = 5*h. List the prime factors of j.
2, 3
Suppose -1843315 = -158*r - 15*r. List the prime factors of r.
5, 2131
Let w(a) = -28*a + 45 - 41*a + 58*a. What are the prime factors of w(-42)?
3, 13
Suppose 0 = -t - 0*k + 5*k + 126, 3*t + 4*k = 473. Suppose t*l = 145*l + 3684. What are the prime factors of l?
2, 307
Suppose 143*o = -34*o - 1756443 + 6441987. What are the prime factors of o?
2, 3, 1103
Let i = 320 - 576. List the prime factors of i/((12/(-54))/((-4)/(-6))).
2, 3
Let i = 121 + -116. Suppose 4*r = i*t - 3347, 3*r = 2*t - 1883 + 540. List the prime factors of t.
23, 29
Let y(n) = n**3 - 3*n**2 + 6*n - 7. Let u be y(3). Let l = u - -902. List the prime factors of l.
11, 83
Suppose s = 4*d + 5831, 5*s - 135*d = -134*d + 29155. List the prime factors of s.
7, 17
Let s(g) = 3*g**3 - 15*g**2 - 45*g + 92. List the prime factors of s(15).
7, 881
Let c(x) = -6000*x + 1341. List the prime factors of c(-2).
3, 4447
Let r = 20593 + -12957. List the prime factors of r.
2, 23, 83
Let r = -279 - -231. List the prime factors of 2261/8 - r/128 - -5.
2, 3
Suppose -32*x = -l - 28*x + 43343, 0 = 5*l - 5*x - 216685. What are the prime factors of l?
3, 5, 107
What are the prime factors of -17 - (-240)/12 - -3457?
2, 5, 173
Suppose 7*j - 23 = k + 12*j, 0 = -2*k - 4*j - 16. Suppose -g + 52 = -v, 3*v = -3*g + v + 171. Suppose 23 + g = k*q. What are the prime factors of q?
3, 13
Let g = 81083 - 43389. List the prime factors of g.
2, 47, 401
Let o be 8*258/(-18)*(-15)/10. Suppose -o*s + 1048 = -168*s. List the prime factors of s.
2, 131
List the prime factors of 1*(-15758)/14*(-6 + (-24)/24).
7879
Let k be -1 + 14/10 + 39780/300. Let l be 4/(3/5 + k/(-205)). Let m =